nvert -10101110010101000110 (base 2) to base 14.
-14831c
-331214222 (base 5) to base 12
-58b194
-223511550 (base 6) to base 5
-2022142144
4c144b (base 13) to base 15
262710
What is -12752 (base 15) in base 2?
-1110011010010011
Convert -48136 (base 15) to base 8.
-700620
What is 7891 (base 14) in base 2?
101000110100111
Convert -101010210021 (base 3) to base 9.
-333707
What is -1023342440 (base 5) in base 15?
-2cc7b5
Convert 86bb7 (base 12) to base 4.
223130323
What is -1238072 (base 9) in base 8?
-2446457
-66326 (base 9) to base 8
-125747
What is 1052221 (base 7) in base 15?
289bd
4735b (base 13) to base 12
63426
122388 (base 9) to base 11
5061a
Convert 21001002121 (base 3) to base 4.
201311110
8cb1 (base 16) to base 4
20302301
-6410433 (base 8) to base 4
-12201010123
-271ea (base 16) to base 6
-3233454
What is -764b85 (base 13) in base 15?
-39e0b8
Convert -44978b (base 15) to base 2.
-1100011110110110010001
Convert 13360142 (base 7) to base 3.
2100001212122
What is 462022 (base 11) in base 2?
10110011011000010000
Convert -2401112 (base 6) to base 16.
-1e704
What is -227328 (base 9) in base 15?
-2a712
-2125647 (base 8) to base 7
-4554436
What is 465621 (base 7) in base 16?
146ca
-3222141041 (base 5) to base 9
-13765307
What is -597a62 (base 13) in base 5?
-1021140123
What is 1100001011111001101011 (base 2) in base 15?
4317a0
What is 30405400 (base 9) in base 4?
313221302100
206542 (base 7) to base 6
434231
Convert 3767e9 (base 16) to base 8.
15663751
-ce459 (base 16) to base 8
-3162131
What is -2252532 (base 7) in base 4?
-1010310033
-232040031 (base 5) to base 8
-4001457
-254376 (base 8) to base 15
-1b27d
Convert -1438209 (base 10) to base 9.
-2631760
What is -50412515 (base 6) in base 13?
-3b216c
What is -45315516 (base 7) in base 6?
-220215500
Convert 44922 (base 10) to base 13.
175a7
Convert -213321113010 (base 4) to base 7.
-154616304
What is 1020121221122 (base 3) in base 14?
133303
b9b1a1 (base 14) to base 2
11000000000001101101001
Convert -16245261 (base 7) to base 8.
-6003157
Convert -79663 (base 14) to base 12.
-122787
What is -22070403 (base 8) in base 10?
-4747523
What is -12304041 (base 5) in base 9?
-201543
What is -504034 (base 8) in base 2?
-101000100000011100
What is 1022131222 (base 4) in base 10?
305002
Convert -2222110002 (base 3) to base 10.
-58646
10a77d (base 14) to base 11
357895
Convert 15786 (base 9) to base 10.
10851
What is -673268 (base 12) in base 16?
-1914b0
What is 1127445 (base 8) in base 12?
129799
What is 11010102332 (base 4) in base 7?
14201435
Convert -23841080 (base 9) to base 16.
-b1e9b2
Convert 55351130 (base 7) to base 14.
8c1c87
Convert 110024034 (base 5) to base 15.
9462e
Convert 47634aa (base 12) to base 6.
1212043134
1129c (base 15) to base 7
315114
What is -200222040 (base 5) in base 2?
-11000000101000011100
Convert -10423131 (base 6) to base 12.
-131aa7
Convert 68431 (base 9) to base 5.
2424200
What is -337923 (base 10) in base 8?
-1224003
What is 731c95 (base 14) in base 2?
1110110100100010111011
Convert -112002222020010 (base 3) to base 9.
-15088203
46620 (base 12) to base 15
1cda0
What is 553322 (base 7) in base 8?
275720
What is 1201111111212 (base 3) in base 13?
2607a4
Convert -224157 (base 9) to base 5.
-13244034
-982856 (base 10) to base 12
-3b4948
What is 43ff0 (base 16) in base 7?
2236663
Convert -2c6121 (base 14) to base 15.
-20a3a4
1176477 (base 8) to base 3
121121112012
-1659800 (base 10) to base 5
-411103200
What is 43242000 (base 5) in base 4?
1121323313
Convert -220022222000 (base 3) to base 14.
-c6770
Convert 8ac25 (base 16) to base 6.
20103141
Convert 2021120000 (base 3) to base 9.
67500
Convert -432aa5 (base 12) to base 10.
-1062557
Convert 23230456 (base 9) to base 15.
ed2a2c
115534330 (base 7) to base 12
2526987
Convert 21402100 (base 5) to base 16.
2d14a
Convert -1211022002 (base 3) to base 6.
-434215
Convert -b3395b (base 15) to base 7.
-132252410
Convert -2e2554 (base 15) to base 12.
-8b97ba
What is -53017 (base 12) in base 13?
-3a738
What is -840a5 (base 12) in base 2?
-101010001101111101
Convert 11767553 (base 8) to base 7.
31150210
c00b97 (base 14) to base 9
13130180
What is -11103123101 (base 4) in base 7?
-14550215
Convert 787a15 (base 12) to base 5.
442440030
What is -341380 (base 9) in base 13?
-7208a
-24650454 (base 8) to base 7
-64261102
Convert 7012005 (base 8) to base 10.
1840133
Convert -402336 (base 8) to base 11.
-9045a
Convert 302012330 (base 4) to base 3.
101102112122
-101000001001111101111 (base 2) to base 13
-370bc2
Convert -33a9196 (base 12) to base 11.
-5670848
Convert 114430644 (base 7) to base 4.
123031220001
Convert 7237b (base 13) to base 16.
32082
3e83d (base 15) to base 7
1464646
-847c6 (base 14) to base 9
-536668
What is -33353252 (base 6) in base 11?
-630098
-334311234 (base 5) to base 4
-11221010200
102306211 (base 7) to base 13
133bc91
1122030330 (base 4) to base 10
369468
What is 11011111111000011000111 (base 2) in base 12?
2559547
-228987 (base 10) to base 2
-110111111001111011
Convert 13032310 (base 5) to base 11.
87631
Convert -b99251 (base 12) to base 3.
-12112100110221
-3650504 (base 8) to base 6
-33303232
Convert 1010000110001101 (base 2) to base 14.
11101
Convert 3329d2 (base 15) to base 13.
6751a3
Convert -210432111 (base 5) to base 11.
-547744
-661868 (base 12) to base 4
-12023212100
Convert -11041401042 (base 5) to base 9.
-24620488
What is 88555d (base 15) in base 10?
6498088
Convert 512a4 (base 11) to base 6.
1334420
3007158 (base 9) to base 10
1599560
What is -732b (base 13) in base 15?
-4ab8
24a52 (base 13) to base 9
112735
Convert -40674 (base 12) to base 11.
-5803a
Convert -101507 (base 12) to base 16.
-3d597
7595c (base 15) to base 11
235570
3c286 (base 15) to base 11
121a70
What is 167360 (base 10) in base 12?
80a28
Convert -215142 (base 11) to base 9.
-573248
What is 3807 (base 11) in base 15?
1713
Convert 100011111010010011 (base 2) to base 8.
437223
What is -12113140 (base 5) in base 13?
-3c8b3
173426 (base 11) to base 5
32034133
What is -102110221 (base 3) in base 9?
-12427
What is 384146 (base 13) in base 10?
1351382
Convert 546205 (base 8) to base 5.
21332204
What is -600578 (base 9) in base 12?
-151382
What is -55472 (base 14) in base 13?
-730ca
-231424044 (base 6) to base 3
-22001110110001
Convert -52804 (base 12) to base 9.
-174484
-60a76c (base 13) to base 8
-10454371
What is 48439 (base 14) in base 6?
3440523
Convert -2102302 (base 6) to base 9.
-164362
Convert 31103313 (base 5) to base 12.
1028bb
Convert -35d1b (base 14) to base 11.
-8a913
222417 (base 9) to base 12
64b8a
What is -22020100010121 (base 3) in base 15?
-5b6a24
544101131 (base 6) to base 7
145361212
Convert -110011111100001101011 (base 2) to base 8.
-6374153
-1a48598 (base 11) to base 15
-482c30
Convert -3143313233 (base 5) to base 14.
-c44682
443111 (base 5) to base 14
5886
What is -724b1 (base 13) in base 15?
-40bb1
What is 10101001001100010011 (base 2) in base 16?
a9313
-10000100001111001 (base 2) to base 10
-67705
264fd (base 16) to base 3
21222021001
What is -2026356 (base 7) in base 8?
-731252
-464577 (base 8) to base 2
-100110100101111111
What is -142482 (base 9) in base 4?
-111101231
Convert 4613113 (base 7) to base 3.
1002012122121
Convert 38bbb8 (base 14) to base 9.
3606375
What is ade5d (base 15) in base 16?
87193
335332 (base 7) to base 3
10000122001
Convert -450134412 (base 6) to base 9.
-16262348
Convert -1011111000011011001001 (base 2) to base 9.
-5766504
Convert -15845518 (base 9) to base 12.
-27b06a5
-52681 (base 13) to base 4
-210031132
What is -17c56d (base 16) in base 2?
-101111100010101101101
60d380 (base 14) to base 11
1929861
What is -2236535 (base 8) in base 13?
-182806
Convert 5615 (base 13) to base 10.
12017
-3100144 (base 6) to base 3
-21111202101
What is 85946 (base 11) in base 14?
33750
-10103886 (base 10) to base 2
-100110100010110001001110
What is 42146 (base 8) in base 3?
220000112
What is -2121310 (base 9) in base 14?
-218014
What is 6028514 (base 9) in base 7?
36160552
What is -122222232 (base 4) in base 15?
-22570
What is -28015 (base 10) in base 13?
-c9a0
Convert -243169 (base 11) to base 6.
-12125423
What is -641511 (base 12) in base 15?
-212a17
What is -12a304 (base 15) in base 16?
-da84e
Convert -3bc64 (base 